{"id":6,"date":"2024-06-10T20:01:10","date_gmt":"2024-06-10T18:01:10","guid":{"rendered":"https:\/\/timskopf.ddns.net\/ito\/?page_id=6"},"modified":"2024-12-09T21:34:12","modified_gmt":"2024-12-09T20:34:12","slug":"lassen-sie-sich-helfen","status":"publish","type":"page","link":"https:\/\/it-onkel.com\/","title":{"rendered":"Home"},"content":{"rendered":"\n<div class=\"wp-block-columns is-layout-flex wp-container-core-columns-is-layout-9d6595d7 wp-block-columns-is-layout-flex\">\n<div class=\"wp-block-column is-layout-flow wp-block-column-is-layout-flow\" style=\"flex-basis:66.66%\">\n<figure class=\"wp-block-image size-large\"><img fetchpriority=\"high\" decoding=\"async\" width=\"1024\" height=\"1024\" src=\"https:\/\/timskopf.ddns.net\/ito\/wp-content\/uploads\/2024\/07\/Fragezeichen-1024x1024.png\" alt=\"\" class=\"wp-image-96\" srcset=\"https:\/\/it-onkel.com\/wp-content\/uploads\/2024\/07\/Fragezeichen-1024x1024.png 1024w, https:\/\/it-onkel.com\/wp-content\/uploads\/2024\/07\/Fragezeichen-300x300.png 300w, https:\/\/it-onkel.com\/wp-content\/uploads\/2024\/07\/Fragezeichen-150x150.png 150w, https:\/\/it-onkel.com\/wp-content\/uploads\/2024\/07\/Fragezeichen-768x768.png 768w, https:\/\/it-onkel.com\/wp-content\/uploads\/2024\/07\/Fragezeichen-1536x1536.png 1536w, https:\/\/it-onkel.com\/wp-content\/uploads\/2024\/07\/Fragezeichen.png 1920w\" sizes=\"(max-width: 1024px) 100vw, 1024px\" \/><\/figure>\n<\/div>\n\n\n\n<div class=\"wp-block-column is-vertically-aligned-center is-layout-flow wp-block-column-is-layout-flow\" style=\"flex-basis:33.33%\">\n<h2 class=\"wp-block-heading has-x-large-font-size\"><strong>Ihr Partner f\u00fcr professionelle <\/strong><br><strong>IT-L\u00f6sungen<\/strong><\/h2>\n\n\n\n<p>Sie suchen zuverl\u00e4ssige Unterst\u00fctzung f\u00fcr Ihre IT? Ob Sie als Unternehmer ein funktionales Netzwerk und sichere Datenl\u00f6sungen ben\u00f6tigen oder als Privatperson Hilfe bei einem technischen Problem w\u00fcnschen \u2013 bei IT Onkel sind Sie genau richtig.<\/p>\n\n\n\n<p class=\"has-medium-font-size\">Mit einer Kombination aus langj\u00e4hriger Erfahrung, technischem Know-how und einer ausgepr\u00e4gten Dienstleistungsmentalit\u00e4t biete ich ma\u00dfgeschneiderte L\u00f6sungen, die zu Ihren Bed\u00fcrfnissen passen.<\/p>\n<\/div>\n<\/div>\n\n\n\n<div style=\"height:100px\" aria-hidden=\"true\" class=\"wp-block-spacer\"><\/div>\n\n\n\n<div class=\"wp-block-group alignfull has-base-3-background-color has-background\" style=\"margin-top:0;margin-bottom:0;padding-top:var(--wp--preset--spacing--50);padding-right:var(--wp--preset--spacing--50);padding-bottom:var(--wp--preset--spacing--50);padding-left:var(--wp--preset--spacing--50)\"><div class=\"wp-block-group__inner-container is-layout-constrained wp-container-core-group-is-layout-9cf8f26d wp-block-group-is-layout-constrained\">\n<h2 class=\"wp-block-heading has-text-align-center has-x-large-font-size\"><strong>Mein Versprechen<\/strong><\/h2>\n\n\n\n<p class=\"has-text-align-center has-medium-font-size\">Schnelle und unkomplizierte Hilfe, verst\u00e4ndliche Erkl\u00e4rungen und kosteng\u00fcnstige L\u00f6sungen. Ich arbeite mit Ihnen gemeinsam, nicht nur f\u00fcr Sie!<\/p>\n<\/div><\/div>\n\n\n\n<div style=\"height:100px\" aria-hidden=\"true\" class=\"wp-block-spacer\"><\/div>\n\n\n\n<div class=\"wp-block-group\"><div class=\"wp-block-group__inner-container is-layout-constrained wp-block-group-is-layout-constrained\">\n<div class=\"wp-block-columns are-vertically-aligned-center is-layout-flex wp-container-core-columns-is-layout-9d6595d7 wp-block-columns-is-layout-flex\">\n<div class=\"wp-block-column is-vertically-aligned-center is-layout-flow wp-block-column-is-layout-flow\" style=\"flex-basis:66.66%\">\n<h2 class=\"wp-block-heading has-x-large-font-size\"><strong>Der Gedanke dabei<\/strong><\/h2>\n\n\n\n<p>Die digitale Welt entwickelt sich rasant \u2013 w\u00e4hrend viele der sogenannten &#8222;Digital Natives&#8220; (geboren ab den 1980er-Jahren) mit Computertechnik und dem Internet aufgewachsen sind, gibt es auch jene, die in anderen Lebensbereichen Priorit\u00e4ten gesetzt haben oder einfach nicht mit der Technik vertraut geworden sind. Heute jedoch ist die Digitalisierung allgegenw\u00e4rtig: Fast jeder nutzt PCs, Smartphones und das Internet \u2013 ob privat oder beruflich. Doch die F\u00fclle an Technologien, Programmen und Angeboten wird t\u00e4glich komplexer und schwerer zu \u00fcberblicken.<\/p>\n\n\n\n<p class=\"has-medium-font-size\"><strong>Hier komme ich ins Spiel.<\/strong><br>Als Ihr Dienstleister unterst\u00fctze ich Sie dabei, den digitalen Dschungel zu durchdringen \u2013 egal, ob Sie privat eine zuverl\u00e4ssige L\u00f6sung f\u00fcr Ihr Heimnetzwerk suchen oder als Unternehmen effiziente und sichere IT-Strukturen ben\u00f6tigen. Ganz gleich, ob Sie sich beim Einschalten des PCs unsicher f\u00fchlen oder ma\u00dfgeschneiderte Unterst\u00fctzung f\u00fcr Ihre gesch\u00e4ftlichen Anforderungen brauchen: Ich stehe Ihnen mit Rat und Tat zur Seite.<\/p>\n\n\n\n<div class=\"wp-block-buttons is-layout-flex wp-block-buttons-is-layout-flex\">\n<div class=\"wp-block-button has-custom-font-size has-medium-font-size\"><a class=\"wp-block-button__link wp-element-button\" href=\"https:\/\/it-onkel.com\/?page_id=93\">Meine Philosophie<\/a><\/div>\n<\/div>\n<\/div>\n\n\n\n<div class=\"wp-block-column is-vertically-aligned-center is-layout-flow wp-block-column-is-layout-flow\" style=\"flex-basis:33.33%\">\n<figure class=\"wp-block-image size-large is-style-default\"><img decoding=\"async\" width=\"1024\" height=\"1024\" src=\"https:\/\/timskopf.ddns.net\/ito\/wp-content\/uploads\/2024\/07\/Gluehbirne-1024x1024.webp\" alt=\"\" class=\"wp-image-51\" srcset=\"https:\/\/it-onkel.com\/wp-content\/uploads\/2024\/07\/Gluehbirne-1024x1024.webp 1024w, https:\/\/it-onkel.com\/wp-content\/uploads\/2024\/07\/Gluehbirne-300x300.webp 300w, https:\/\/it-onkel.com\/wp-content\/uploads\/2024\/07\/Gluehbirne-150x150.webp 150w, https:\/\/it-onkel.com\/wp-content\/uploads\/2024\/07\/Gluehbirne-768x768.webp 768w, https:\/\/it-onkel.com\/wp-content\/uploads\/2024\/07\/Gluehbirne.webp 1440w\" sizes=\"(max-width: 1024px) 100vw, 1024px\" \/><\/figure>\n<\/div>\n<\/div>\n<\/div><\/div>\n\n\n\n<div style=\"height:100px\" aria-hidden=\"true\" class=\"wp-block-spacer\"><\/div>\n\n\n\n<div class=\"wp-block-group alignfull has-base-3-background-color has-background\" style=\"margin-top:0;margin-bottom:0;padding-top:var(--wp--preset--spacing--50);padding-right:var(--wp--preset--spacing--50);padding-bottom:var(--wp--preset--spacing--50);padding-left:var(--wp--preset--spacing--50)\"><div class=\"wp-block-group__inner-container is-layout-constrained wp-container-core-group-is-layout-9cf8f26d wp-block-group-is-layout-constrained\">\n<h2 class=\"wp-block-heading has-text-align-center has-x-large-font-size\"><strong>Klare Preise \u2013 Transparenz f\u00fcr alle<\/strong><\/h2>\n\n\n\n<p class=\"has-text-align-center has-medium-font-size\">Nicht immer sind IT-Dienstleistungen oder die Reparatur eines Ger\u00e4ts die g\u00fcnstigste L\u00f6sung, doch die Kosten m\u00fcssen stets \u00fcberschaubar bleiben! Ob Sie privat Unterst\u00fctzung bei Ihren technischen Ger\u00e4ten ben\u00f6tigen oder als Unternehmen eine professionelle IT-L\u00f6sung planen \u2013 ich informiere Sie immer vorab \u00fcber alle Preise.<\/p>\n\n\n\n<p class=\"has-text-align-center has-medium-font-size\"><strong>Ohne Sternchen, ohne versteckte Kosten, ohne \u00dcberraschungen.<\/strong><\/p>\n\n\n\n<p class=\"has-text-align-center has-medium-font-size\">So behalten Sie die volle Kontrolle und wissen genau, worauf Sie sich einlassen. Faire und transparente Preise \u2013 f\u00fcr Zuhause und im Unternehmen gleicherma\u00dfen.<\/p>\n<\/div><\/div>\n\n\n\n<div style=\"height:100px\" aria-hidden=\"true\" class=\"wp-block-spacer\"><\/div>\n\n\n\n<div class=\"wp-block-columns is-layout-flex wp-container-core-columns-is-layout-9d6595d7 wp-block-columns-is-layout-flex\">\n<div class=\"wp-block-column is-layout-flow wp-block-column-is-layout-flow\" style=\"flex-basis:33.33%\">\n<figure class=\"wp-block-image size-large\"><img decoding=\"async\" width=\"1024\" height=\"1024\" src=\"https:\/\/timskopf.ddns.net\/ito\/wp-content\/uploads\/2024\/07\/inkognito-1024x1024.webp\" alt=\"\" class=\"wp-image-52\" srcset=\"https:\/\/it-onkel.com\/wp-content\/uploads\/2024\/07\/inkognito-1024x1024.webp 1024w, https:\/\/it-onkel.com\/wp-content\/uploads\/2024\/07\/inkognito-300x300.webp 300w, https:\/\/it-onkel.com\/wp-content\/uploads\/2024\/07\/inkognito-150x150.webp 150w, https:\/\/it-onkel.com\/wp-content\/uploads\/2024\/07\/inkognito-768x768.webp 768w, https:\/\/it-onkel.com\/wp-content\/uploads\/2024\/07\/inkognito.webp 1440w\" sizes=\"(max-width: 1024px) 100vw, 1024px\" \/><\/figure>\n<\/div>\n\n\n\n<div class=\"wp-block-column is-vertically-aligned-center is-layout-flow wp-block-column-is-layout-flow\" style=\"flex-basis:66.66%\">\n<h2 class=\"wp-block-heading has-text-align-right has-x-large-font-size\"><strong>Wer steckt dahinter?<\/strong><\/h2>\n\n\n\n<p>Guten Tag, mein Name ist Felix Kr\u00fcger, und ich bin der IT Onkel. Als ausgebildeter Fachinformatiker mit langj\u00e4hriger Erfahrung im IT-Bereich biete ich sowohl Privatpersonen als auch kleinen und mittelst\u00e4ndischen Unternehmen kompetente und verl\u00e4ssliche Unterst\u00fctzung.<\/p>\n\n\n\n<p>Schon von Kindheit an faszinieren mich Computer und Technologien. Mit Neugier und Eigeninitiative habe ich mir ein breites Spektrum an Fachwissen angeeignet \u2013 und diese Leidenschaft begleitet mich bis heute.<\/p>\n\n\n\n<p>Ich bin Ihr Ansprechpartner, wenn es um unkomplizierte Hilfe vor Ort geht. Jederzeit stehe ich beratend zur Seite und helfe dabei, moderne IT-L\u00f6sungen zu implementieren, die sicher, funktional und auf Ihre Anforderungen zugeschnitten sind.<\/p>\n\n\n\n<p class=\"has-text-align-right has-medium-font-size\">Ich freue mich darauf, Ihnen mit meiner Expertise und meinem Engagement zur Seite zu stehen!<\/p>\n\n\n\n<div class=\"wp-block-buttons is-content-justification-right is-layout-flex wp-container-core-buttons-is-layout-e67d7449 wp-block-buttons-is-layout-flex\">\n<div class=\"wp-block-button has-custom-font-size has-medium-font-size\"><a class=\"wp-block-button__link wp-element-button\" href=\"https:\/\/it-onkel.com\/?page_id=85\">Was kann der jetzt?<\/a><\/div>\n<\/div>\n<\/div>\n<\/div>\n\n\n\n<div style=\"height:100px\" aria-hidden=\"true\" class=\"wp-block-spacer\"><\/div>\n\n\n\n<div class=\"wp-block-group alignfull has-base-3-background-color has-background\" style=\"margin-top:0;margin-bottom:0;padding-top:var(--wp--preset--spacing--50);padding-right:var(--wp--preset--spacing--50);padding-bottom:var(--wp--preset--spacing--50);padding-left:var(--wp--preset--spacing--50)\"><div class=\"wp-block-group__inner-container is-layout-constrained wp-container-core-group-is-layout-9cf8f26d wp-block-group-is-layout-constrained\">\n<h2 class=\"wp-block-heading has-text-align-center has-x-large-font-size\"><strong>Diagnose gratis!<\/strong><\/h2>\n\n\n\n<p class=\"has-text-align-center has-medium-font-size\">Der Bildschirm bleibt dunkel und Sie wissen nicht warum? Bis wir wissen was Sache ist, bleibts kostenfrei!<\/p>\n<\/div><\/div>\n\n\n\n<div style=\"height:100px\" aria-hidden=\"true\" class=\"wp-block-spacer\"><\/div>\n\n\n\n<div class=\"wp-block-group\"><div class=\"wp-block-group__inner-container is-layout-constrained wp-block-group-is-layout-constrained\">\n<div class=\"wp-block-columns are-vertically-aligned-center is-layout-flex wp-container-core-columns-is-layout-9d6595d7 wp-block-columns-is-layout-flex\">\n<div class=\"wp-block-column is-vertically-aligned-center is-layout-flow wp-block-column-is-layout-flow\" style=\"flex-basis:66.66%\">\n<h2 class=\"wp-block-heading has-x-large-font-size\">Die L\u00f6sungen<\/h2>\n\n\n\n<p>Haben Sie Probleme mit einem Ihrer Ger\u00e4te oder funktioniert etwas nicht wie erwartet? Vielleicht ben\u00f6tigen Sie Unterst\u00fctzung bei der Verwendung eines Programms oder wissen nicht, ob Sie einer verd\u00e4chtigen E-Mail vertrauen k\u00f6nnen? Oder Sie \u00fcberlegen, sich neue Ger\u00e4te anzuschaffen, f\u00fchlen sich aber von der Vielzahl der M\u00f6glichkeiten \u00fcberfordert?<\/p>\n\n\n\n<p>Ganz gleich, ob es um die Frage &#8222;Soll ich auf OK klicken?&#8220; oder komplexere Anliegen geht \u2013 ich bin f\u00fcr Sie da. Mit meinem individuellen und pers\u00f6nlichen Service gehe ich auf Ihre spezifischen Anforderungen ein. Gemeinsam finden wir eine L\u00f6sung, die zu Ihnen passt.<\/p>\n\n\n\n<p><strong>Mein Leistungsangebot umfasst unter anderem:<\/strong><\/p>\n\n\n\n<ul class=\"wp-block-list\">\n<li><strong>Installation von Betriebssystemen<\/strong>: Einrichtung und Optimierung f\u00fcr Ihre Bed\u00fcrfnisse.<\/li>\n\n\n\n<li><strong>Anschlussservice<\/strong>: Unterst\u00fctzung bei der Einrichtung neuer Ger\u00e4te.<\/li>\n\n\n\n<li><strong>Netzwerkeinrichtung<\/strong>: Aufbau und Konfiguration sicherer und stabiler Netzwerke.<\/li>\n<\/ul>\n\n\n\n<p>Zus\u00e4tzlich stehe ich Ihnen bei vielen Anliegen mit unkomplizierten Komplettpaketen zur Verf\u00fcgung. Lassen Sie uns gemeinsam Ihre IT wieder in Schwung bringen!<\/p>\n\n\n\n<div class=\"wp-block-buttons is-content-justification-center is-layout-flex wp-container-core-buttons-is-layout-16018d1d wp-block-buttons-is-layout-flex\">\n<div class=\"wp-block-button has-custom-font-size has-medium-font-size\"><a class=\"wp-block-button__link wp-element-button\" href=\"https:\/\/it-onkel.com\/?page_id=173\">Beratung f\u00fcr Unternehmen<\/a><\/div>\n\n\n\n<div class=\"wp-block-button has-custom-font-size has-medium-font-size\"><a class=\"wp-block-button__link wp-element-button\" href=\"https:\/\/it-onkel.com\/?page_id=201\">Unterst\u00fctzung f\u00fcr Zuhause<\/a><\/div>\n<\/div>\n<\/div>\n\n\n\n<div class=\"wp-block-column is-vertically-aligned-center is-layout-flow wp-block-column-is-layout-flow\" style=\"flex-basis:33.33%\">\n<figure class=\"wp-block-image size-large is-style-default\"><img loading=\"lazy\" decoding=\"async\" width=\"1024\" height=\"1024\" src=\"https:\/\/timskopf.ddns.net\/ito\/wp-content\/uploads\/2024\/07\/ausrufezeichen-1024x1024.webp\" alt=\"\" class=\"wp-image-53\" srcset=\"https:\/\/it-onkel.com\/wp-content\/uploads\/2024\/07\/ausrufezeichen-1024x1024.webp 1024w, https:\/\/it-onkel.com\/wp-content\/uploads\/2024\/07\/ausrufezeichen-300x300.webp 300w, https:\/\/it-onkel.com\/wp-content\/uploads\/2024\/07\/ausrufezeichen-150x150.webp 150w, https:\/\/it-onkel.com\/wp-content\/uploads\/2024\/07\/ausrufezeichen-768x768.webp 768w, https:\/\/it-onkel.com\/wp-content\/uploads\/2024\/07\/ausrufezeichen.webp 1440w\" sizes=\"(max-width: 1024px) 100vw, 1024px\" \/><\/figure>\n<\/div>\n<\/div>\n<\/div><\/div>\n\n\n\n<div style=\"height:100px\" aria-hidden=\"true\" class=\"wp-block-spacer\"><\/div>\n\n\n\n<div class=\"wp-block-group alignfull\" style=\"margin-top:0;margin-bottom:0;padding-top:var(--wp--preset--spacing--50);padding-right:var(--wp--preset--spacing--50);padding-bottom:var(--wp--preset--spacing--50);padding-left:var(--wp--preset--spacing--50)\"><div class=\"wp-block-group__inner-container is-layout-constrained wp-container-core-group-is-layout-2bafd31c wp-block-group-is-layout-constrained\">\n<div style=\"height:var(--wp--preset--spacing--30)\" aria-hidden=\"true\" class=\"wp-block-spacer\"><\/div>\n<\/div><\/div>\n","protected":false},"excerpt":{"rendered":"<p>Ihr Partner f\u00fcr professionelle IT-L\u00f6sungen Sie suchen zuverl\u00e4ssige Unterst\u00fctzung f\u00fcr Ihre IT? Ob Sie als Unternehmer ein funktionales Netzwerk und sichere Datenl\u00f6sungen ben\u00f6tigen oder als Privatperson Hilfe bei einem technischen Problem w\u00fcnschen \u2013 bei IT Onkel sind Sie genau richtig. Mit einer Kombination aus langj\u00e4hriger Erfahrung, technischem Know-how und einer ausgepr\u00e4gten Dienstleistungsmentalit\u00e4t biete ich ma\u00dfgeschneiderte &#8230; <a title=\"Home\" class=\"read-more\" href=\"https:\/\/it-onkel.com\/\" aria-label=\"Mehr Informationen \u00fcber Home\">Weiterlesen<\/a><\/p>\n","protected":false},"author":1,"featured_media":0,"parent":0,"menu_order":0,"comment_status":"closed","ping_status":"closed","template":"","meta":{"footnotes":""},"class_list":["post-6","page","type-page","status-publish"],"_links":{"self":[{"href":"https:\/\/it-onkel.com\/index.php?rest_route=\/wp\/v2\/pages\/6","targetHints":{"allow":["GET"]}}],"collection":[{"href":"https:\/\/it-onkel.com\/index.php?rest_route=\/wp\/v2\/pages"}],"about":[{"href":"https:\/\/it-onkel.com\/index.php?rest_route=\/wp\/v2\/types\/page"}],"author":[{"embeddable":true,"href":"https:\/\/it-onkel.com\/index.php?rest_route=\/wp\/v2\/users\/1"}],"replies":[{"embeddable":true,"href":"https:\/\/it-onkel.com\/index.php?rest_route=%2Fwp%2Fv2%2Fcomments&post=6"}],"version-history":[{"count":25,"href":"https:\/\/it-onkel.com\/index.php?rest_route=\/wp\/v2\/pages\/6\/revisions"}],"predecessor-version":[{"id":209,"href":"https:\/\/it-onkel.com\/index.php?rest_route=\/wp\/v2\/pages\/6\/revisions\/209"}],"wp:attachment":[{"href":"https:\/\/it-onkel.com\/index.php?rest_route=%2Fwp%2Fv2%2Fmedia&parent=6"}],"curies":[{"name":"wp","href":"https:\/\/api.w.org\/{rel}","templated":true}]}}